{"id":57,"date":"2017-03-24T12:00:16","date_gmt":"2017-03-24T12:00:16","guid":{"rendered":"http:\/\/pension-ziegelwall.de\/?page_id=57"},"modified":"2025-05-28T11:49:01","modified_gmt":"2025-05-28T11:49:01","slug":"preise","status":"publish","type":"page","link":"https:\/\/pension-ziegelwall.de\/?page_id=57","title":{"rendered":"Preise"},"content":{"rendered":"<p>Bei uns erwarten Sie\u00a05 komfortabel eingerichtete Doppelbettzimmer mit Dusche, WC, TV und kostenlosem WLAN. Unsere Zimmer sind selbstverst\u00e4ndlich auch als Einzelzimmer buchbar und verf\u00fcgen alle \u00fcber einen separaten Eingang.<\/p>\n<p>Alle Zimmer sind Nichtraucherzimmer.<\/p>\n<p>Haustiere sind nicht erw\u00fcnscht.<\/p>\n<p>Einzelzimmer\u00a0\u00a0\u00a0\u00a0\u00a0 bis 2 N\u00e4chte\u00a0 \u00a0 \u00a0 \u00a0 \u00a0 \u00a0 \u00a0 \u00a0 \u00a0 \u00a0 \u00a0 \u00a0 \u00a0 \u00a0 \u00a0 \u00a0 \u00a0 \u00a0 \u00a0 \u00a0 \u00a0 \u00a0<em> \u00a057,- Euro<\/em><br \/>Doppelzimmer\u00a0 \u00a0bis 2 N\u00e4chte\u00a0 \u00a0 \u00a0 \u00a0 \u00a0 \u00a0 \u00a0 \u00a0 \u00a0 \u00a0 \u00a0 \u00a0 \u00a0 \u00a0 \u00a0 \u00a0 \u00a0 \u00a0 \u00a0 \u00a0 \u00a0 \u00a0 \u00a0<em>75,- Euro<\/em><\/p>\n<p>Einzelzimmer\u00a0\u00a0\u00a0\u00a0\u00a0 ab 3 N\u00e4chten\u00a0 \u00a0 \u00a0 \u00a0 \u00a0 \u00a0 \u00a0 \u00a0 \u00a0 \u00a0 \u00a0 \u00a0 \u00a0 \u00a0 \u00a0 \u00a0 \u00a0 \u00a0 \u00a0 \u00a0 \u00a0 \u00a052<em>,- Euro<\/em><br \/>Doppelzimmer\u00a0\u00a0 ab 3 N\u00e4chten\u00a0 \u00a0 \u00a0 \u00a0 \u00a0 \u00a0 \u00a0 \u00a0 \u00a0 \u00a0 \u00a0 \u00a0 \u00a0 \u00a0 \u00a0 \u00a0 \u00a0 \u00a0 \u00a0 \u00a0 \u00a0 <em>\u00a070,- Euro<\/em><\/p>\n<p>Fr\u00fchst\u00fcck\u00a0 \u00a0 \u00a0 \u00a0 \u00a0 \u00a0 \u00a0 \u00a0 \u00a0 \u00a0 \u00a0 \u00a0 \u00a0 \u00a0 \u00a0 \u00a0 \u00a0 \u00a0 \u00a0 \u00a0 \u00a0 \u00a0 \u00a0 \u00a0 \u00a0 \u00a0 \u00a0 \u00a0 \u00a0 \u00a0 \u00a0 \u00a0 \u00a0 \u00a0 \u00a0 \u00a0 \u00a0 \u00a0 \u00a0<em>\u00a0 \u00a0 \u00a0 \u00a0 \u00a012,-\u00a0\u00a0Euro p. P.<\/em><\/p>\n\n\n<p><\/p>\n\n\n\n<p>Sie k\u00f6nnen bei uns bis 2 Tage vor Ihrer Anreise kostenfrei stornieren. Nach dieser Frist wird eine Stornierungsgeb\u00fchr in H\u00f6he der ersten Nacht f\u00e4llig.<\/p>\n","protected":false},"excerpt":{"rendered":"<p>Bei uns erwarten Sie\u00a05 komfortabel eingerichtete Doppelbettzimmer mit Dusche, WC, TV und kostenlosem WLAN. Unsere Zimmer sind selbstverst\u00e4ndlich auch als Einzelzimmer buchbar und verf\u00fcgen alle \u00fcber einen separaten Eingang. Alle Zimmer sind Nichtraucherzimmer. Haustiere sind nicht erw\u00fcnscht. Einzelzimmer\u00a0\u00a0\u00a0\u00a0\u00a0 bis 2 N\u00e4chte\u00a0 \u00a0 \u00a0 \u00a0 \u00a0 \u00a0 \u00a0 \u00a0 \u00a0 \u00a0 \u00a0 \u00a0 \u00a0 \u00a0 \u00a0 &hellip; <\/p>\n<p class=\"link-more\"><a href=\"https:\/\/pension-ziegelwall.de\/?page_id=57\" class=\"more-link\"><span class=\"screen-reader-text\">\u201ePreise\u201c<\/span> weiterlesen<\/a><\/p>\n","protected":false},"author":1,"featured_media":0,"parent":0,"menu_order":0,"comment_status":"closed","ping_status":"closed","template":"","meta":{"footnotes":""},"class_list":["post-57","page","type-page","status-publish","hentry"],"_links":{"self":[{"href":"https:\/\/pension-ziegelwall.de\/index.php?rest_route=\/wp\/v2\/pages\/57","targetHints":{"allow":["GET"]}}],"collection":[{"href":"https:\/\/pension-ziegelwall.de\/index.php?rest_route=\/wp\/v2\/pages"}],"about":[{"href":"https:\/\/pension-ziegelwall.de\/index.php?rest_route=\/wp\/v2\/types\/page"}],"author":[{"embeddable":true,"href":"https:\/\/pension-ziegelwall.de\/index.php?rest_route=\/wp\/v2\/users\/1"}],"replies":[{"embeddable":true,"href":"https:\/\/pension-ziegelwall.de\/index.php?rest_route=%2Fwp%2Fv2%2Fcomments&post=57"}],"version-history":[{"count":14,"href":"https:\/\/pension-ziegelwall.de\/index.php?rest_route=\/wp\/v2\/pages\/57\/revisions"}],"predecessor-version":[{"id":642,"href":"https:\/\/pension-ziegelwall.de\/index.php?rest_route=\/wp\/v2\/pages\/57\/revisions\/642"}],"wp:attachment":[{"href":"https:\/\/pension-ziegelwall.de\/index.php?rest_route=%2Fwp%2Fv2%2Fmedia&parent=57"}],"curies":[{"name":"wp","href":"https:\/\/api.w.org\/{rel}","templated":true}]}}